{"id":76,"date":"2024-05-17T12:53:44","date_gmt":"2024-05-17T12:53:44","guid":{"rendered":"https:\/\/gm-ag.ch\/?page_id=76"},"modified":"2025-05-09T08:14:32","modified_gmt":"2025-05-09T08:14:32","slug":"impressum","status":"publish","type":"page","link":"https:\/\/gm-ag.ch\/index.php\/impressum\/","title":{"rendered":""},"content":{"rendered":"\n<div class=\"wp-block-buttons is-content-justification-center is-layout-flex wp-container-core-buttons-layout-1 wp-block-buttons-is-layout-flex\">\n<div class=\"wp-block-button\"><a class=\"wp-block-button__link has-text-align-center wp-element-button\" href=\"https:\/\/gm-ag.ch\/\">Zur\u00fcck<\/a><\/div>\n<\/div>\n\n\n\n<h1 class=\"wp-block-heading\">Impressum<br><br>Angaben gem\u00e4\u00df \u00a7 5 TMG:<\/h1>\n\n\n\n<p>Gerhard Management AG<br>Dorfstrasse 53<br>8834 Schindellegi<\/p>\n\n\n\n<h2 class=\"wp-block-heading has-large-font-size\">Vertreten durch:<\/h2>\n\n\n\n<p>Phillip Gerhard<\/p>\n\n\n\n<h2 class=\"wp-block-heading has-large-font-size\"><a href=\"Kontakt:\">Kontakt:<\/a><\/h2>\n\n\n\n<p><a href=\"mailto:phillip@gerhard-projektierung.de\" target=\"_blank\" rel=\"noreferrer noopener\">phillip@gerhard-projektierung.de<\/a><\/p>\n\n\n\n<h2 class=\"wp-block-heading has-large-font-size\">Registereintrag:<\/h2>\n\n\n\n<p>UID    CHE-461.668.873<\/p>\n\n\n\n<h2 class=\"wp-block-heading has-large-font-size\">Gestaltung &amp; technische Umsetzung<\/h2>\n\n\n\n<p>HAHN media group ag<br>Geerenstrasse 13<br>8604 Volketswil<br><a href=\"http:\/\/hahn-media.ch\/\" target=\"_blank\" rel=\"noreferrer noopener\">hahn-media.ch<\/a><br>044 515 90 40<br><\/p>\n\n\n\n<h2 class=\"wp-block-heading has-large-font-size\">Streitschlichtung<\/h2>\n\n\n\n<p>Die Europ\u00e4ische Kommission stellt eine Plattform zur Online-Streitbeilegung (OS) bereit:&nbsp;<a href=\"https:\/\/ec.europa.eu\/consumers\/odr\" target=\"_blank\" rel=\"noreferrer noopener\">https:\/\/ec.europa.eu\/consumers\/odr<\/a>.<br>Unsere E-Mail-Adresse finden Sie oben im Impressum.<\/p>\n\n\n\n<p>Wir sind nicht bereit oder verpflichtet, an Streitbeilegungsverfahren vor einer Verbraucherschlichtungsstelle teilzunehmen.<\/p>\n\n\n\n<h2 class=\"wp-block-heading has-large-font-size\">Haftung f\u00fcr Inhalte<\/h2>\n\n\n\n<p>Als Diensteanbieter sind wir gem\u00e4\u00df \u00a7 7 Abs.1 TMG f\u00fcr eigene Inhalte auf diesen Seiten nach den allgemeinen Gesetzen verantwortlich. Nach \u00a7\u00a7 8 bis 10 TMG sind wir als Diensteanbieter jedoch nicht verpflichtet, \u00fcbermittelte oder gespeicherte fremde Informationen zu \u00fcberwachen oder nach Umst\u00e4nden zu forschen, die auf eine rechtswidrige T\u00e4tigkeit hinweisen.<\/p>\n\n\n\n<p>Verpflichtungen zur Entfernung oder Sperrung der Nutzung von Informationen nach den allgemeinen Gesetzen bleiben hiervon unber\u00fchrt. Eine diesbez\u00fcgliche Haftung ist jedoch erst ab dem Zeitpunkt der Kenntnis einer konkreten Rechtsverletzung m\u00f6glich. Bei Bekanntwerden von entsprechenden Rechtsverletzungen werden wir diese Inhalte umgehend entfernen.<\/p>\n\n\n\n<h2 class=\"wp-block-heading has-large-font-size\">Haftung f\u00fcr Links<\/h2>\n\n\n\n<p>Unser Angebot enth\u00e4lt Links zu externen Websites Dritter, auf deren Inhalte wir keinen Einfluss haben. Deshalb k\u00f6nnen wir f\u00fcr diese fremden Inhalte auch keine Gew\u00e4hr \u00fcbernehmen. F\u00fcr die Inhalte der verlinkten Seiten ist stets der jeweilige Anbieter oder Betreiber der Seiten verantwortlich. Die verlinkten Seiten wurden zum Zeitpunkt der Verlinkung auf m\u00f6gliche Rechtsverst\u00f6\u00dfe \u00fcberpr\u00fcft. Rechtswidrige Inhalte waren zum Zeitpunkt der Verlinkung nicht erkennbar.<\/p>\n\n\n\n<p>Eine permanente inhaltliche Kontrolle der verlinkten Seiten ist jedoch ohne konkrete Anhaltspunkte einer Rechtsverletzung nicht zumutbar. Bei Bekanntwerden von Rechtsverletzungen werden wir derartige Links umgehend entfernen.<\/p>\n\n\n\n<h2 class=\"wp-block-heading has-large-font-size\">Urheberrecht<\/h2>\n\n\n\n<p>Die durch die Seitenbetreiber erstellten Inhalte und Werke auf diesen Seiten unterliegen dem deutschen Urheberrecht. Die Vervielf\u00e4ltigung, Bearbeitung, Verbreitung und jede Art der Verwertung au\u00dferhalb der Grenzen des Urheberrechtes bed\u00fcrfen der schriftlichen Zustimmung des jeweiligen Autors bzw. Erstellers. Downloads und Kopien dieser Seite sind nur f\u00fcr den privaten, nicht kommerziellen Gebrauch gestattet.<\/p>\n\n\n\n<p>Soweit die Inhalte auf dieser Seite nicht vom Betreiber erstellt wurden, werden die Urheberrechte Dritter beachtet. Insbesondere werden Inhalte Dritter als solche gekennzeichnet. Sollten Sie trotzdem auf eine Urheberrechtsverletzung aufmerksam werden, bitten wir um einen entsprechenden Hinweis. Bei Bekanntwerden von Rechtsverletzungen werden wir derartige Inhalte umgehend entfernen.<\/p>\n\n\n\n<p><\/p>\n\n\n\n<div class=\"wp-block-buttons is-layout-flex wp-block-buttons-is-layout-flex\">\n\n<\/div>\n\n\n\n<div class=\"wp-block-buttons is-layout-flex wp-block-buttons-is-layout-flex\">\n\n<\/div>\n","protected":false},"excerpt":{"rendered":"<p>Impressum Angaben gem\u00e4\u00df \u00a7 5 TMG: Gerhard Management AGDorfstrasse 538834 Schindellegi Vertreten durch: Phillip Gerhard Kontakt: phillip@gerhard-projektierung.de Registereintrag: UID CHE-461.668.873 Gestaltung &amp; technische Umsetzung HAHN media group agGeerenstrasse 138604 Volketswilhahn-media.ch044 515 90 40 Streitschlichtung Die Europ\u00e4ische Kommission stellt eine Plattform zur Online-Streitbeilegung (OS) bereit:&nbsp;https:\/\/ec.europa.eu\/consumers\/odr.Unsere E-Mail-Adresse finden Sie oben im Impressum. Wir sind nicht bereit oder [&hellip;]<\/p>\n","protected":false},"author":1,"featured_media":0,"parent":0,"menu_order":0,"comment_status":"closed","ping_status":"closed","template":"","meta":{"footnotes":""},"_links":{"self":[{"href":"https:\/\/gm-ag.ch\/index.php\/wp-json\/wp\/v2\/pages\/76"}],"collection":[{"href":"https:\/\/gm-ag.ch\/index.php\/wp-json\/wp\/v2\/pages"}],"about":[{"href":"https:\/\/gm-ag.ch\/index.php\/wp-json\/wp\/v2\/types\/page"}],"author":[{"embeddable":true,"href":"https:\/\/gm-ag.ch\/index.php\/wp-json\/wp\/v2\/users\/1"}],"replies":[{"embeddable":true,"href":"https:\/\/gm-ag.ch\/index.php\/wp-json\/wp\/v2\/comments?post=76"}],"version-history":[{"count":9,"href":"https:\/\/gm-ag.ch\/index.php\/wp-json\/wp\/v2\/pages\/76\/revisions"}],"predecessor-version":[{"id":134,"href":"https:\/\/gm-ag.ch\/index.php\/wp-json\/wp\/v2\/pages\/76\/revisions\/134"}],"wp:attachment":[{"href":"https:\/\/gm-ag.ch\/index.php\/wp-json\/wp\/v2\/media?parent=76"}],"curies":[{"name":"wp","href":"https:\/\/api.w.org\/{rel}","templated":true}]}}

<div class="wp-block-buttons is-content-justification-center is-layout-flex wp-container-core-buttons-layout-1 wp-block-buttons-is-layout-flex">
<div class="wp-block-button"><a class="wp-block-button__link has-text-align-center wp-element-button" href="https://gm-ag.ch/">Zurück</a></div>
</div>



<h1 class="wp-block-heading">Impressum<br><br>Angaben gemäß § 5 TMG:</h1>



<p>Gerhard Management AG<br>Dorfstrasse 53<br>8834 Schindellegi</p>



<h2 class="wp-block-heading has-large-font-size">Vertreten durch:</h2>



<p>Phillip Gerhard</p>



<h2 class="wp-block-heading has-large-font-size"><a href="Kontakt:">Kontakt:</a></h2>



<p><a href="mailto:phillip@gerhard-projektierung.de" target="_blank" rel="noreferrer noopener">phillip@gerhard-projektierung.de</a></p>



<h2 class="wp-block-heading has-large-font-size">Registereintrag:</h2>



<p>UID    CHE-461.668.873</p>



<h2 class="wp-block-heading has-large-font-size">Gestaltung &amp; technische Umsetzung</h2>



<p>HAHN media group ag<br>Geerenstrasse 13<br>8604 Volketswil<br><a href="http://hahn-media.ch/" target="_blank" rel="noreferrer noopener">hahn-media.ch</a><br>044 515 90 40<br></p>



<h2 class="wp-block-heading has-large-font-size">Streitschlichtung</h2>



<p>Die Europäische Kommission stellt eine Plattform zur Online-Streitbeilegung (OS) bereit:&nbsp;<a href="https://ec.europa.eu/consumers/odr" target="_blank" rel="noreferrer noopener">https://ec.europa.eu/consumers/odr</a>.<br>Unsere E-Mail-Adresse finden Sie oben im Impressum.</p>



<p>Wir sind nicht bereit oder verpflichtet, an Streitbeilegungsverfahren vor einer Verbraucherschlichtungsstelle teilzunehmen.</p>



<h2 class="wp-block-heading has-large-font-size">Haftung für Inhalte</h2>



<p>Als Diensteanbieter sind wir gemäß § 7 Abs.1 TMG für eigene Inhalte auf diesen Seiten nach den allgemeinen Gesetzen verantwortlich. Nach §§ 8 bis 10 TMG sind wir als Diensteanbieter jedoch nicht verpflichtet, übermittelte oder gespeicherte fremde Informationen zu überwachen oder nach Umständen zu forschen, die auf eine rechtswidrige Tätigkeit hinweisen.</p>



<p>Verpflichtungen zur Entfernung oder Sperrung der Nutzung von Informationen nach den allgemeinen Gesetzen bleiben hiervon unberührt. Eine diesbezügliche Haftung ist jedoch erst ab dem Zeitpunkt der Kenntnis einer konkreten Rechtsverletzung möglich. Bei Bekanntwerden von entsprechenden Rechtsverletzungen werden wir diese Inhalte umgehend entfernen.</p>



<h2 class="wp-block-heading has-large-font-size">Haftung für Links</h2>



<p>Unser Angebot enthält Links zu externen Websites Dritter, auf deren Inhalte wir keinen Einfluss haben. Deshalb können wir für diese fremden Inhalte auch keine Gewähr übernehmen. Für die Inhalte der verlinkten Seiten ist stets der jeweilige Anbieter oder Betreiber der Seiten verantwortlich. Die verlinkten Seiten wurden zum Zeitpunkt der Verlinkung auf mögliche Rechtsverstöße überprüft. Rechtswidrige Inhalte waren zum Zeitpunkt der Verlinkung nicht erkennbar.</p>



<p>Eine permanente inhaltliche Kontrolle der verlinkten Seiten ist jedoch ohne konkrete Anhaltspunkte einer Rechtsverletzung nicht zumutbar. Bei Bekanntwerden von Rechtsverletzungen werden wir derartige Links umgehend entfernen.</p>



<h2 class="wp-block-heading has-large-font-size">Urheberrecht</h2>



<p>Die durch die Seitenbetreiber erstellten Inhalte und Werke auf diesen Seiten unterliegen dem deutschen Urheberrecht. Die Vervielfältigung, Bearbeitung, Verbreitung und jede Art der Verwertung außerhalb der Grenzen des Urheberrechtes bedürfen der schriftlichen Zustimmung des jeweiligen Autors bzw. Erstellers. Downloads und Kopien dieser Seite sind nur für den privaten, nicht kommerziellen Gebrauch gestattet.</p>



<p>Soweit die Inhalte auf dieser Seite nicht vom Betreiber erstellt wurden, werden die Urheberrechte Dritter beachtet. Insbesondere werden Inhalte Dritter als solche gekennzeichnet. Sollten Sie trotzdem auf eine Urheberrechtsverletzung aufmerksam werden, bitten wir um einen entsprechenden Hinweis. Bei Bekanntwerden von Rechtsverletzungen werden wir derartige Inhalte umgehend entfernen.</p>



<p></p>



<div class="wp-block-buttons is-layout-flex wp-block-buttons-is-layout-flex">

</div>



<div class="wp-block-buttons is-layout-flex wp-block-buttons-is-layout-flex">

</div>

<p>Impressum Angaben gemäß § 5 TMG: Gerhard Management AGDorfstrasse 538834 Schindellegi Vertreten durch: Phillip Gerhard Kontakt: phillip@gerhard-projektierung.de Registereintrag: UID CHE-461.668.873 Gestaltung &amp; technische Umsetzung HAHN media group agGeerenstrasse 138604 Volketswilhahn-media.ch044 515 90 40 Streitschlichtung Die Europäische Kommission stellt eine Plattform zur Online-Streitbeilegung (OS) bereit:&nbsp;https://ec.europa.eu/consumers/odr.Unsere E-Mail-Adresse finden Sie oben im Impressum. Wir sind nicht bereit oder [&hellip;]</p>
